 - 33*y. Let q be h(4). Let n(p) = p**2 + p + 2. Determine n(q).
8
Let o(x) be the second derivative of -x**5/20 - x**4/12 + x**3/6 + 37*x**2/2 - 2*x + 7. Calculate o(0).
37
Let m(t) = t**2 - 9*t + 7. Suppose -103*i = -107*i + 16. Suppose -i*d - 2*z + 24 = 0, 2*d = -d + 2*z + 25. Calculate m(d).
-7
Let q be -4*(0 - 3)/12. Let z(t) = -8*t. Determine z(q).
-8
Suppose -2*p = -3*a - 8, 2*p = -4*a + 5*a + 8. Let t(v) = -v**2 + v - 11. Determine t(a).
-11
Let t be -3 + 1 - -2 - -20. Suppose d = -3*n + t, -1 = 2*n + 4*d - 31. Suppose -3*r = -n - 4. Let l(p) = -p**3 + 2*p**2 + 4*p + 1. What is l(r)?
4
Let h(r) = 5*r**3 + 14*r**2 + 9*r - 2. Let b be (-18)/9*(-7)/2. Let c(w) = -6*w**3 - 15*w**2 - 9*w + 1. Let v(d) = b*h(d) + 6*c(d). What is v(9)?
-8
Let r(z) be the third derivative of 0 + 0*z**4 - 1/60*z**5 + 0*z - 23*z**2 + 1/2*z**3. Give r(3).
-6
Let v be 2*6/36 - 17/(-3). Let q(h) = h**2 - 4*h - 2. Give q(v).
10
Suppose 5*d + 18 = 5*i - 17, 0 = 3*d + 9. Let b(k) = -i*k + 2*k + 3*k - 23 + 15. Determine b(6).
-2
Let w(g) = -g**3 - g - 1. Let t(l) = -2*l**3 + 7*l**2 + 4*l - 5. Let p(a) = t(a) - 3*w(a). Suppose 15 = 5*s - 2*s. Suppose -s = 2*m + 7. Determine p(m).
-8
Suppose -5*j + 4*j + 2 = 0. Let b(n) = -6*n**3 - 5*n**2 - 4*n - 5. Let m(o) = 7*o**3 + 6*o**2 + 5*o + 6. Let r(d) = 6*b(d) + 5*m(d). Calculate r(j).
-6
Let a(m) = 3*m + 7. Let h(g) = -g**2 + 7*g + 5. Let d be h(7). Let i(z) = -4*z - 7. Let u(f) = d*a(f) + 4*i(f). What is u(9)?
-2
Let l(w) = -11*w + 1. Let s(h) = -4*h + 32. Let y be s(5). Let g be (-10)/8 - y/(-48). Determine l(g).
12
Let b(v) = v + 4. Suppose 0 = 2*w - 6, 4*d + 2*w = -4 + 22. Let h be d + -4 - 3/1. What is b(h)?
0
Let d(y) = -y**2 + 11*y + 8. Let p(k) = k**2 + 59*k + 68. Let t be p(-58). Calculate d(t).
18
Let n(q) = 11*q - 4. Let m(k) = 10*k - 4. Let a(r) = -4*m(r) + 3*n(r). Calculate a(3).
-17
Let f be (-3)/4*(-4)/1. Let h(a) = -f*a**3 - 2*a**3 - 5*a + 3*a**2 + 6*a**3 - 3 + 3*a. Let q = -114 - -111. Calculate h(q).
3
Let p(y) = -16*y**2 - y**3 + 4*y - 8 + 48*y**2 - 26*y**2 + 2*y. Calculate p(6).
28
Let k(x) = -11*x + 14*x + 3 + 0*x - 4*x. Let m be (-16)/104 + (-48)/26. Let p = m - 4. Determine k(p).
9
Let m = -133 - -131. Let a(g) = 12*g**2 - 22*g**2 + 7*g**2 - g. Calculate a(m).
-10
Let c(j) = 13*j**3 + 34*j**2 - 7*j - 8. Let b(f) = -7*f**3 - 18*f**2 + 4*f + 5. Let l(k) = -11*b(k) - 6*c(k). What is l(-5)?
-22
Let a be (-2)/(8/(-28)) - 3. Suppose 0 = -a*t - t. Let c(w) = t + 2*w**2 - 2 + 0*w**2. What is c(-2)?
6
Let w(x) = x - 2. Let i be w(2). Let y(s) = 72 + 51 - 110 + s**2. Give y(i).
13
Let t(l) be the second derivative of -l**4/12 - l**3/2 + l**2/2 + l. Let b be (-12)/2 - (-57)/19. Determine t(b).
1
Let f(z) = -3*z + 3 + 0 + 6*z**2 + 1 - 5*z**2. Suppose 3*l + 8 = 4*j, -3*l - 2*j + 6 = -4*l. Determine f(l).
8
Let p(i) be the first derivative of 5*i**2/2 + 2*i - 51. Determine p(1).
7
Let b(s) = 14*s + 7. Let c be b(-4). Let m be (-42)/c*(2*-1 + 9). Let j(a) = a**2 - 7*a + 8. Give j(m).
2
Suppose -c + 10 = 13. Let q be 0 + c + 19 + -18. Let y(z) = z**2 + z + 1. Give y(q).
3
Let o(u) = -2*u**2 + 3*u + 5. Let x(s) = -102*s - 199. Let f be x(-2). What is o(f)?
-30
Let q(k) = 9 + k + 11 - 27. Let x = -8 + -2. Let s = -3 - x. Determine q(s).
0
Let o(b) = 6*b - 2. Let h be ((1200/32)/25)/((-6)/(-32)). Calculate o(h).
46
Let w be ((-42)/(-4))/(9/6). Let b(s) = 9*s + 10. Let h(r) = 6*r + 7. Let q(k) = 5*b(k) - 7*h(k). Determine q(w).
22
Let s(f) = -3*f**3 - 38*f**2 + 30*f - 48. Let z(d) = d**3 + 13*d**2 - 10*d + 16. Let x(l) = -3*s(l) - 8*z(l). What is x(-11)?
5
Let i(o) = -o**2 - o - 16. Let c be (-1)/(-1) - 12*8/12. Let g be 6/(-14) + (-3)/c. What is i(g)?
-16
Let p be (-6 + 5)*3 - 0. Let h(u) = 3*u**2 + 10*u + 3. Give h(p).
0
Let f(b) = b**3 + 5*b**2 + 2*b + 5. Suppose 4*u = 0, 2*p + 3*u = -9 - 1. Calculate f(p).
-5
Let b(f) = 7*f**3 - 5*f**2 - f + 6. Let c(u) = -6*u**3 + 5*u**2 + u - 5. Suppose 0 = 5*i - 21 + 46. Let z(w) = i*b(w) - 6*c(w). Calculate z(5).
-5
Let x be (-5 - (-222)/30)/(4/10). Let y(o) be the second derivative of -2*o**3 + 0 + x*o - 1/2*o**2. Give y(-1).
11
Let f(g) = -7*g**2 - 8 + 5 - g - 3*g. Let u be f(-1). Let a(m) = m**3 + 5*m**2 - 6*m - 4. Give a(u).
-4
Let v be 3*1 - 36/12. Let f(y) = -y**3 - y**2 - 5. Let m be f(v). Let x(a) = a - 7. Let q(c) = 3*c - 20. Let w(d) = 6*q(d) - 17*x(d). What is w(m)?
-6
Let g(a) be the first derivative of -2*a**3/3 + 3*a**2 - 6*a - 29. Calculate g(4).
-14
Let i be (5 - 116/20) + 1/(-5). Let v(t) = -18*t**3 - 1. Determine v(i).
17
Let t(n) = n**3 + 5*n**2 + 4*n - 1. Suppose -5*z + s - 9 = 0, 2*z + 5*s = -0*s + 18. Suppose 5 = 4*m + 17. Let d = m + z. Calculate t(d).
-1
Let f(s) be the first derivative of 3/2*s**2 - 13 + s + 1/4*s**4 + s**3. Let x be 8/(-5) + 2/(-5). Calculate f(x).
-1
Let s(r) = -1 + 2*r + 0*r + 2*r. Let j be (48/(-22) - -1) + (-218)/(-1199). What is s(j)?
-5
Let b(r) be the third derivative of r**5/60 - r**3/2 + 256*r**2 - 1. What is b(-2)?
1
Let j(c) = c**3 - 6*c**2 + c + 1. Let q(w) = -2*w - 1. Suppose 0*o - 1 = o - t, 4*o + 11 = -3*t. Let n be q(o). Calculate j(n).
-23
Suppose -5*n - 20 = 5*f, -2*f = -5*n - 0*n - 20. Let u(p) = -p + 11. Let k be u(8). Let j(t) = 0*t**2 + 2*t**2 - t + 3*t**2 + f + 4 - t**k. Determine j(5).
-1
Let j(s) = s**3 - 10*s**2 + 2*s - 15. Let z be j(10). Let i(x) = x**3 - 3*x**2 - 6*x - 2. What is i(z)?
18
Let l(o) be the first derivative of -1/6*o**3 + 3*o - 1/2*o**2 - 1/4*o**4 - 5 - 1/10*o**5. Let b(v) be the first derivative of l(v). Calculate b(-2).
5
Let p(o) = 2*o + 5. Let s(k) = -5*k + 14. Let z be s(2). Suppose -4*w = 3*g + 25, z*g + 9 = -w + 6*g. Calculate p(w).
-9
Let q(o) be the third derivative of -o**6/40 + o**4/12 - o**3/6 + o**2 + 159*o. What is q(2)?
-21
Let f(m) = m**2. Let s be (0 - (-2)/2)*2. Suppose -w + 12 = s*w. Suppose -w*o - z = -11, o - z - 8 = -3*z. Calculate f(o).
4
Let z(p) = -25*p - 3. Let b(k) = 56*k + 5. Let w(o) = 4*b(o) + 9*z(o). Give w(0).
-7
Let m be 1/(-1*1/5). Let q(r) = -11*r + 10*r - 1 + 1 + 1. Calculate q(m).
6
Let l = 986 - 992. Let g(p) = -4*p - 26. Determine g(l).
-2
Let w(s) be the second derivative of s**5/20 + 5*s**4/12 + s**3 + s**2/2 - s. Let b be (-6 - -2) + -29 + 29. What is w(b)?
-7
Let i(s) = -s**2 - 10*s + 2. Let y(d) = -6*d + 8. Let w be y(3). Let v be i(w). Let t(o) = -o**3 + 3*o**2 + o - 1. Calculate t(v).
5
Let d(g) = 10*g + 7. Let n(z) = 13*z + 8. Let u(f) = 4*d(f) - 3*n(f). What is u(-4)?
0
Let a = 7 + -4. Let z(f) = -3*f**2 + 5*f**3 - 3*f**a + 0*f**2 + 0*f - 2*f + 4. Let o(r) = r**3 - 4*r**2 - 3*r + 4. Let v(n) = -3*o(n) + 2*z(n). What is v(-4)?
8
Let s be ((-38)/304)/(12/(-80)). Let z(g) be the third derivative of 0*g**4 + 0 + s*g**3 - 1/60*g**5 + 14*g**2 + 0*g. Calculate z(4).
-11
Suppose -4*n - z + 20 = 0, -8 = 2*n + 4*z + z. Let f = n - 12. Let b(i) = 5*i - 4*i + 13 - 2. Give b(f).
5
Let h(c) be the second derivative of -c**5/20 + c**4/4 + 2*c**3/3 - c**2/2 - 2*c. Suppose -5*l = 3*g - 8, 0*l = -5*l + 5*g + 40. Calculate h(l).
-1
Let x(s) be the second derivative of -s**5/20 - s**4/4 + s**3/3 - s**2 - 7*s. Let h be (-1)/(-3) + 455/39. Let c = h - 16. Give x(c).
6
Let w(t) = 16 - 6*t - 38 + 13 + 5*t. Suppose 4*c - 3 + 27 = 0. Give w(c).
-3
Let b(u) = -3*u - 9*u**2 - 11 + 0*u**3 + u**3 + 2*u + 6*u. Calculate b(8).
-35
Let v = 0 + 6. Suppose 0 = 3*w + v + 9. Let z(j) be the first derivative of -j**4/4 - 2*j**3 - 3*j**2 - 3*j - 7. Calculate z(w).
2
Let g(i) = -36*i - 7. Let d(u) = -7*u - 1. Let t(k) = 5*d(k) - g(k). Calculate t(5).
7
Let g(d) = 108*d + 115*d - 1 - 223*d + 3*d**2. Suppose -2*q + 54 = -2*o, 3*o + 20 = -4*q - 26. Let i = 21 + o. Determine g(i).
2
Let f(w) = -8*w - 9. Let j be (-10*(-14)/280)/(2/(-8)). Determine f(j).
7
Let a be 32/10*5/2. Let k = a + -12. Let g(z) = -2 - 2 + 2*z + z. Give g(k).
-16
Let h be (-1)/(-3) + (-2373)/(-63). Let m = -28 + h. Let r(f) = f - 23. Give r(m).
-13
Let w(o) = 5*o - 11. Let b(y) = 11*y - 23. Let x(d) = 2*b(d) - 5*w(d). Give x(10).
-21
Let m(b) be the third derivative of -1/120*b**6 + 4*b**2 + 5/24*b**4 - 1/20*b**5 + 0*b + 2 + 0*b**3. What is m(-4)?
-4
Let a(q) = -8*q**2 + 2*q + 1. Let g(b) = -b**2 + 8*b + 14. Let i be g(8). Suppose -3*x = -x - i. Suppose x*d = 5*d - 2. Determine a(d).
-9
Let z be (-24)/(-18) + 52/6 + 